{"id":44,"date":"2019-01-29T17:35:03","date_gmt":"2019-01-29T16:35:03","guid":{"rendered":"https:\/\/fernschachpost.ilmds.de\/?page_id=44"},"modified":"2022-04-16T12:43:58","modified_gmt":"2022-04-16T10:43:58","slug":"willkommen","status":"publish","type":"page","link":"https:\/\/bdf-fernschachpost.de\/","title":{"rendered":"Willkommen"},"content":{"rendered":"\n<p>Die Zeitschrift Fernschachpost dankt Ihnen f\u00fcr Ihren Besuch auf ihrer Website!<\/p>\n\n\n\n<p><b>Die Fernschachpost kurz vorgestellt &#8230;<\/b><br><br><img src=\"wp-content\/uploads\/2020\/11\/fsp52020.png\" style=\"width: 290px;float:right; margin-left: 15px; margin-right: 15px; margin-bottom: 15px;\">Die Fernschachpost erscheint seit Juli 2005. Sie informiert kompetent und aktuell \u00fcber die Geschehnisse aus der Welt des Fernschachs. Der Schwerpunkt liegt auf den nationalen Veranstaltungen des Deutschen Fernschachbundes e. V. (BdF), der die Zeitschrift herausgibt. Berichte \u00fcber internationale Fernschachveranstaltungen und Ergebnisse aus Turnieren unter dem Dach des Weltfernschachbundes ICCF runden den Nachrichtenteil ab. Spielerportr\u00e4ts, kommentierte und nicht kommentierte Fernpartien, Turnierausschreibungen, Rezensionen, Analysen, Beitr\u00e4ge zur Er\u00f6ffnungstheorie, eine Leserbriefecke und ein Bereich f\u00fcr private kostenlose Kleinanzeigen sind weitere wichtige Dauerrubriken des Heftes.<br><br>Die Fernschachpost ist eine Zeitschrift zum Mitmachen! Gern k\u00f6nnen Sie f\u00fcr eine der jeweils n\u00e4chsten Ausgaben Ihre kommentierten Fernschachpartien einreichen. Auch andere Beitr\u00e4ge sind herzlich willkommen! Ihre Zuschrift richten Sie bitte an die unten stehende Kontaktadresse.<br>Haben Sie aber bitte Verst\u00e4ndnis daf\u00fcr, dass wir nicht alle Beitr\u00e4ge verwenden k\u00f6nnen und auch nicht umfangreiche Begr\u00fcndungen abgeben k\u00f6nnen, wenn wir mal verzichten m\u00fcssen.<br>Unverlangt eingesendete Beitr\u00e4ge werden nur dann zur\u00fcckgeschickt, wenn ein ausreichend frankierter und beschrifteter R\u00fcckumschlag beigef\u00fcgt ist.<br><br>F\u00fcr Anregungen, Kritik und Hinweise nutzen Sie bitte ebenfalls die angegebene Kontaktadresse.<br><\/p>\n\n\n\n<p>Redaktion Fernschachpost<br>Dr. Stephan Busemann<br>Im Fl\u00fcrchen 76<br>66133 Saarbr\u00fccken<br><\/p>\n\n\n\n<p><br><\/p>\n\n\n\n<p><\/p>\n\n\n\n<p><\/p>\n\n\n\n<p><\/p>\n\n\n\n<a href=\"https:\/\/www.disclaimer.de\/disclaimer.htm\">Haftungsausschluss<\/a> <br>\n<a href=\"https:\/\/bdf-fernschachpost.de\/?page_id=9\">Impressum<\/a>\n<br>\n<a href=\"https:\/\/bdf-fernschachpost.de\/?page_id=9\">Datenschutz<\/a>\n\n\n\n<p><\/p>\n","protected":false},"excerpt":{"rendered":"<p>Die Zeitschrift Fernschachpost dankt Ihnen f\u00fcr Ihren Besuch auf ihrer Website! Die Fernschachpost kurz vorgestellt &#8230; Die Fernschachpost erscheint seit Juli 2005. Sie informiert kompetent und aktuell \u00fcber die Geschehnisse aus der Welt des Fernschachs. Der Schwerpunkt liegt auf den nationalen Veranstaltungen des Deutschen Fernschachbundes e. V. (BdF), der die Zeitschrift herausgibt. Berichte \u00fcber internationale Fernschachveranstaltungen und Ergebnisse aus Turnieren unter dem Dach des Weltfernschachbundes ICCF runden den Nachrichtenteil ab.&hellip;<\/p>\n","protected":false},"author":1,"featured_media":0,"parent":0,"menu_order":0,"comment_status":"closed","ping_status":"closed","template":"","meta":[],"_links":{"self":[{"href":"https:\/\/bdf-fernschachpost.de\/index.php?rest_route=\/wp\/v2\/pages\/44"}],"collection":[{"href":"https:\/\/bdf-fernschachpost.de\/index.php?rest_route=\/wp\/v2\/pages"}],"about":[{"href":"https:\/\/bdf-fernschachpost.de\/index.php?rest_route=\/wp\/v2\/types\/page"}],"author":[{"embeddable":true,"href":"https:\/\/bdf-fernschachpost.de\/index.php?rest_route=\/wp\/v2\/users\/1"}],"replies":[{"embeddable":true,"href":"https:\/\/bdf-fernschachpost.de\/index.php?rest_route=%2Fwp%2Fv2%2Fcomments&post=44"}],"version-history":[{"count":41,"href":"https:\/\/bdf-fernschachpost.de\/index.php?rest_route=\/wp\/v2\/pages\/44\/revisions"}],"predecessor-version":[{"id":703,"href":"https:\/\/bdf-fernschachpost.de\/index.php?rest_route=\/wp\/v2\/pages\/44\/revisions\/703"}],"wp:attachment":[{"href":"https:\/\/bdf-fernschachpost.de\/index.php?rest_route=%2Fwp%2Fv2%2Fmedia&parent=44"}],"curies":[{"name":"wp","href":"https:\/\/api.w.org\/{rel}","templated":true}]}}